 156. Let o = f + 78. Calculate the highest common divisor of o and 6.
6
Let n be 69 - (-1*2)/2. Suppose -4334 + 4250 = -3*l. Calculate the highest common divisor of l and n.
14
Let f = 683 - 663. Calculate the greatest common factor of 270 and f.
10
Let v(x) = 2*x - 5. Let a be v(3). Suppose q + 5*g - 1 = 4, g = -2*q + a. Let s = q - -14. What is the greatest common divisor of s and 7?
7
Let y(g) = 100*g - 35. Let u be y(4). Calculate the greatest common factor of u and 146.
73
Let v = 515 + -505. Let f(r) = r**2 - 4*r + 4. Let j be f(4). What is the highest common divisor of j and v?
2
Let a = 123 - 55. Let o = 318 + -301. Calculate the greatest common divisor of o and a.
17
Let m(n) = 6*n - 13. Suppose -7*s + 30 = -2*s. Let a be m(s). Calculate the highest common factor of 92 and a.
23
Let t(c) = -8*c + 2 + 9 + 4 - 7. Let g be t(-12). What is the highest common factor of g and 26?
26
Suppose -3*h = -9, 4*f = 2*h + 2*h + 120. What is the greatest common divisor of f and 957?
33
Let f(j) = -5*j - 5. Let w = 27 + -30. Let t be f(w). Calculate the highest common divisor of t and 20.
10
Let y = -43 - 16. Let a = y + 79. Let l be 28 - (-2 - -1) - -1. What is the greatest common factor of a and l?
10
Let v = -176 - -196. Suppose 8*g = 3*g. Suppose 0 = 5*a - g*a - 300. What is the highest common factor of v and a?
20
Let z(w) = w**3 - 4*w**2 - 6*w - 8. Let i be z(6). Let s = 426 - -186. Suppose 7*v = -s + 2768. Calculate the greatest common divisor of v and i.
28
Let w be 5/(10/24)*8. Suppose -7*k - 111 = -4*r - 2*k, -63 = -3*r - 3*k. Calculate the greatest common factor of r and w.
24
Suppose l + 4*w + 471 = 0, -4*w = -4*l - 0*w - 1984. Let i = -301 - l. What is the highest common divisor of i and 10?
10
Let f(q) = -19 + 10*q + 12 + 46. Let k be f(-3). Let u = 16 - -2. Calculate the highest common divisor of u and k.
9
Let k(f) = f**2 - 7*f + 6. Let s be k(7). Let p = -297 - -327. Calculate the greatest common divisor of p and s.
6
Let f be 1/((-2)/(-6))*(-2480)/(-16). Calculate the greatest common factor of f and 45.
15
Suppose m + 3*i = 24 - 7, 3*m - 37 = 5*i. What is the greatest common divisor of m and 6?
2
Let t(y) = 2*y**2 - 28*y + 33. Let r be t(22). Calculate the greatest common divisor of 280 and r.
35
Let v = 101 - 96. Suppose 0 = o - 2*n + 3, -3*o + 0*o = -v*n + 5. Suppose -3*m + 3*b = 6 - 36, 0 = -2*m - b + 5. What is the highest common factor of m and o?
5
Suppose 12 = 4*i + 2*y, -y + 8 = 4*i - 2. Suppose -4*c = 2*u - 68, -3*c + i = u - 33. Calculate the greatest common divisor of u and 4.
4
Suppose 276513 = 84*b + 489. What is the highest common factor of b and 62?
62
Let l be 964/(-2169) + 8554/9. What is the highest common factor of 38 and l?
38
Suppose -3*r + 150 = -477. Let h = -4408 - -4427. What is the highest common divisor of r and h?
19
Let h be (10/(-15))/(-4 + (-118)/(-30)). What is the highest common factor of h and 290?
10
Let t = 1 + 18. Suppose 4*j - 107 = -t. Calculate the highest common factor of j and 33.
11
Suppose 0 = -5*q - 22*u + 25*u + 49, -4*q = -4*u - 44. What is the highest common divisor of 520 and q?
8
Let x = 247 + -239. Calculate the greatest common divisor of 1 and x.
1
Let o(s) = 2*s**2 + s + 54. Let d be o(0). Suppose 2*n = 3 + 9. What is the highest common divisor of d and n?
6
Let g = 51 - 35. Suppose -10*j = -196 + g. Calculate the highest common divisor of 45 and j.
9
Suppose 4*q - 20 = -r, 2*q - r + 4*r = 10. Suppose q*a + 0*p - 28 = 2*p, 5*p + 24 = a. Let l = 7 - -1. Calculate the highest common factor of a and l.
4
Suppose -h - 75 = 17. Let c = h + 157. Let w(o) = -o**2 + 47*o - 197. Let g be w(42). Calculate the greatest common factor of c and g.
13
Suppose -4*k = -65 + 17. What is the highest common divisor of 300 and k?
12
Let b = 3 - -2. Suppose 0 = -b*t - 2*w + 64, 2*t + w - 26 = -0*w. Let d(v) = -7*v + 1. Let o be d(-5). Calculate the highest common factor of t and o.
12
Suppose -r = -2*m - 5, -m + 15 - 31 = -2*r. Let u = -66 + 111. Calculate the highest common divisor of u and r.
9
Let s(n) = -53*n - 13. Let k(x) = x**3 - 6*x**2 - 4*x - 23. Let w be k(7). Let d be s(w). What is the greatest common divisor of d and 31?
31
Let j(q) = 5*q**2 + 38*q + 91. Let l be j(-14). Calculate the highest common factor of l and 33.
11
Let r(z) = z + 2. Let n be r(7). Suppose 2*f - f + n = 2*m, 9 = m + f. What is the greatest common factor of 6 and m?
6
Suppose 8*k = 3*k - 5. Let v(t) = -7*t**2. Let b be v(k). Let n = b - -9. Calculate the highest common factor of 18 and n.
2
Suppose -21 = 4*a + g, -15 = 4*a - a + g. Let j be (-33)/a - 15/6. Calculate the greatest common divisor of 3 and j.
3
Let l = 27 + -14. Suppose s + 3*y - y = 211, -2*y = -3*s + 625. Let j = 222 - s. What is the highest common divisor of j and l?
13
Suppose -6*v + 190 = -v + 3*h, -3*h = -15. Calculate the highest common factor of v and 49.
7
Suppose 6*h - 2*h - 831 = -5*x, -h + 3*x + 195 = 0. What is the highest common divisor of 12 and h?
12
Let s be (-7)/((-98)/35)*2. Let l be 2/7 - 828/(-42). What is the greatest common factor of l and s?
5
Suppose 252 = -y - n + 759, 0 = -3*y - 4*n + 1516. Calculate the greatest common factor of 96 and y.
32
Suppose -52 - 139 = -2*u + i, -4*i - 384 = -4*u. Calculate the greatest common factor of u and 152.
19
Let v be (1/1)/(-2) + 67/(-2). Let j = 38 - v. What is the greatest common factor of 12 and j?
12
Let f(k) = 2*k**3 + 20*k**2 + 15*k - 2. Let h be f(-8). Let u = h - 39. Suppose -51 - 6 = -3*b. Calculate the greatest common divisor of b and u.
19
Let y be (65/25)/((-1)/(-9 - -4)). Suppose 58 = 3*d - 98. Calculate the highest common divisor of y and d.
13
Let u(n) = -n**3 - 13*n**2 + n + 16. Let c be u(-13). Suppose c*b + 2*i = 538, -b + 196 = 4*i - 0*i. What is the highest common factor of b and 16?
16
Suppose 2*w - 24 + 2 = 0. Suppose -5*m - 3*k = -2*k - 14, -5*m - 4*k = -26. Let p be (-1 - -3)/(m/w). What is the greatest common divisor of 44 and p?
11
Let k(g) = -32 + g**2 - 2*g + 8 + 136. Let m be k(0). Calculate the greatest common divisor of 14 and m.
14
Let g be (16/1)/(1/1). Let t(o) = o**2 + 2*o - 8. Let q be t(-5). Let h = 31 - q. What is the greatest common factor of g and h?
8
Suppose 0 = -r - r + 32. Suppose 376 + r = 2*j. Let i be (-2)/8 - 678/(-24). Calculate the greatest common factor of j and i.
28
Let g = -617 + 782. Calculate the highest common divisor of g and 60.
15
Let z = -45 - -78. Let d = z - 32. What is the greatest common divisor of 3 and d?
1
Let l = 1057 + -1051. Calculate the highest common factor of 177 and l.
3
Let i = 1451 - 1196. Calculate the highest common divisor of 408 and i.
51
Let t(h) = h**2 - 10*h - 16. Let c be t(12). Calculate the greatest common factor of c and 100.
4
Let k(d) be the third derivative of d**5/60 + d**4/12 + d**3 + 3*d**2. Let n be k(-4). Let g = -200 + 340. What is the highest common divisor of g and n?
14
Suppose 462*i - 455*i - 644 = 0. Calculate the highest common divisor of i and 4.
4
Suppose 5*y - 6 = a, -a - 5*y + 19 + 15 = 0. Calculate the greatest common divisor of a and 7.
7
Suppose 12 = 3*j - j. Suppose 0 = -5*m + 5*h + 55, 43 = -m + j*m - h. Calculate the highest common divisor of 16 and m.
8
Let y(r) = r**3 + 12*r**2 + 10*r - 6. Let a be y(-11). Suppose a*d - 155 = -3*m, -2*m + 2*d = 7*d - 100. What is the greatest common factor of 22 and m?
11
Let j = 2069 - 1984. Calculate the highest common factor of j and 544.
17
Let q = -40 + 35. Let i = 21 + q. What is the greatest common divisor of i and 4?
4
Let d = 16 - -15. Let h = d + -4. Calculate the highest common divisor of 6 and h.
3
Let q = -71 - -128. Let c = q + -41. Let x(l) = l**3 + 4*l**2 - 13*l - 2. Let t be x(-6). Calculate the greatest common factor of t and c.
4
Let i be (82*2/(-8))/((-1)/8). Let g = i + -137. What is the greatest common factor of g and 216?
27
Suppose 0*u + 28 = -u. Let b(l) = 4*l - 2. Let z be b(1). Let o be u/(-2) - z/1. Calculate the greatest common divisor of 4 and o.
4
Let l(x) = -4*x + 11. Let n be l(-8). Let o = 57 - n. Let f(m) = -36*m**3 + m. Let c be f(-1). Calculate the highest common factor of c and o.
7
Let m(w) = w**2 + 2*w. Let b be m(-4). Let j be 165*(-4)/b*-2. Let o = j + 3. Calculate the highest common factor of o and 2